/(1/(2/(-3))). Let z be (-2 + x + -1)*-14. What is the remainder when (4 - 0)/(4/z) is divided by 8?
6
Calculate the remainder when 3/(-8) - 2008/(-64) is divided by 11.
9
Let a = -4 + 12. Calculate the remainder when a is divided by 5.
3
Suppose 8*i = i + 308. Calculate the remainder when i is divided by 8.
4
Let t = 21 - -12. Let x = t + -19. Let r(c) = -c**3 - 3*c**2 - 4*c - 5. Calculate the remainder when r(-4) is divided by x.
13
What is the remainder when 38 is divided by 6 + (6 + -1 - 3)?
6
Let c(q) = -q**2 - 7*q - 4. Let u be c(-5). Suppose o - 1 = -4*k - u, 3*o = 3*k + 30. Calculate the remainder when o is divided by 4.
3
Let u(p) be the first derivative of p**4/4 + 2*p**3 - p**2/2 - 4*p - 7. Calculate the remainder when 103 is divided by u(-3).
25
Calculate the remainder when 1*(-2 + 3 - 1 - -33) is divided by 17.
16
Calculate the remainder when 25 is divided by (36/20)/(2/10).
7
Suppose 18 = -0*p - 3*p. Calculate the remainder when (p/(-15))/((-2)/(-190)) is divided by 20.
18
Let p be -12 + (2 - 2 - -1). Let v = 36 + p. What is the remainder when v is divided by (-175)/(-14) - 1/(-2)?
12
Suppose -5*h = -0*h - 60. Let d(i) = i**2 + 2*i - 5. Let w be d(-4). Suppose 54 = 3*j - 0*j - w*p, -j + 26 = p. Calculate the remainder when j is divided by h.
10
Let x(z) = z**2 + 2*z - 5. Suppose -145 = -3*h - 2*j, -4*h + 9*h = -5*j + 250. Suppose -5*s = -95 - h. Calculate the remainder when s is divided by x(-5).
8
Suppose 0 = 13*g - 8*g - 795. What is the remainder when g is divided by 16?
15
Let s(q) = -q**3 + 14*q**2 - q + 31. What is the remainder when 82 is divided by s(14)?
14
Calculate the remainder when (-8)/(-52) - 828/(-26) is divided by 11.
10
Let s be (6/(-5))/((-8)/20). Suppose -2*t - s*t = -5, 26 = -3*o + 5*t. What is the remainder when (o - 1)/((-1)/2) is divided by 6?
4
Suppose -z + 2*z - 16 = 0. Suppose 5*s = -o - o - 13, 5*s + 12 = -3*o. Calculate the remainder when (3/(-2))/((-24)/z) is divided by o.
0
Let x(v) = -v**2 + 11*v - 4. Let i(r) = -r**3 - 9*r**2 - 8*r + 9. Let h be i(-8). Let z = -33 + 73. What is the remainder when z is divided by x(h)?
12
What is the remainder when (-3)/(-6) - 31/(-2) is divided by (-2)/(-2)*2*3?
4
Let b(d) = -d**2 + 4*d + 2. Let n be b(3). Suppose 68 = n*l - 62. What is the remainder when l is divided by 7?
5
Calculate the remainder when 35 is divided by 21/(-14) - (-39)/2.
17
Let r be (5/4)/(4/208). Let j = r - 31. What is the remainder when j is divided by 12?
10
Suppose 0 = -18*w + 16*w + 12. Calculate the remainder when 21 is divided by w.
3
Suppose 0*a + 60 = 4*a. Calculate the remainder when 28 is divided by a.
13
Suppose -5*b = -57 - 38. What is the remainder when b is divided by 11 - (-1 + 0 - -5)?
5
Let k(a) = a**2 - 9*a - 11. Let o be k(11). Suppose 20 = 6*s - o*s, 5*g = -2*s + 22. What is the remainder when 11 is divided by g?
5
Suppose -3*i = -3, 4*z - z - 3*i = 18. Calculate the remainder when z is divided by 3.
1
Suppose -4*d - 23 = -63. Calculate the remainder when 30 + -1 + 0 + -1 is divided by d.
8
Suppose -74 = -4*z + 90. Let d(c) = -c + 15. What is the remainder when z is divided by d(-6)?
20
Suppose -o + 2*g - 1 = 0, -7*o + 2*o = 2*g - 31. Suppose -32 = -6*v + o*v. Calculate the remainder when v is divided by 7.
4
Let k be (-25)/15*3*-1. Suppose -2*y = -4*y + 5*j + 18, k*y + j - 99 = 0. What is the remainder when y is divided by 7?
5
Suppose -12*j = -36 - 132. What is the remainder when 39 is divided by j?
11
Suppose -6*a = -a - 590. Suppose 2*v + 3*v + a = s, v - s = -26. Let o = -16 - v. Calculate the remainder when 13 is divided by o.
6
Let u = -4 - -7. Suppose u*c - 3*d = -150, -c - 35 = d + 11. Let x = -31 - c. What is the remainder when x is divided by 9?
8
Let j(h) = -h**3 - 7*h**2 - 6*h + 8. Suppose 5*k = -3*g + 83, 32 = k + 34. What is the remainder when g is divided by j(-6)?
7
Let h = 19 + -4. Let n be -1 + 2 + h/3. Suppose -4*b + 18 = n. Calculate the remainder when b is divided by 2.
1
Suppose -3*w = -3*u, -16 = -2*u - w - 1. What is the remainder when 27 is divided by u?
2
Let q = -6 - -5. Let a be q - 2 - -2 - -2. Suppose -a = -2*k + 1. Calculate the remainder when 1 is divided by k.
0
Let s be (-33)/9 - 1/3. Let v = s + 7. Calculate the remainder when 7 is divided by v.
1
Let n = 14 + -10. What is the remainder when (1/2)/(n/104) is divided by 4?
1
Suppose -3*w - w = -124. Calculate the remainder when w is divided by (-3 + -1)/(2/(-4)).
7
Suppose j + 7 = 43. What is the remainder when j is divided by 19?
17
Let s(w) = 10*w**3 + w. What is the remainder when 21 is divided by s(1)?
10
Suppose 0 = -3*d + 4 - 46. Let o(y) = -3*y - 7. Let v be o(-6). Let k = v - d. What is the remainder when k is divided by 9?
7
Let g = 40 + -13. What is the remainder when g is divided by 16?
11
Suppose -2*x = 2*v - 14, 5*x = 2*v - 0*x. Let t(o) = 8*o**2 + o + 1. Let y = -4 - -3. What is the remainder when t(y) is divided by v?
3
Let x = -83 - -57. Let d(s) = -s**3 - 7*s**2 - 7*s + 2. Let h be d(-5). Let j = h - x. What is the remainder when 25 is divided by j?
12
Let k(j) = -j**3 - 8*j**2 + j + 10. Let d = 0 + -2. Calculate the remainder when (0 + 1)/((-1)/d) is divided by k(-8).
0
Suppose -2 = -a + 1. Suppose -5 = -5*g, 0*r + a*r + 2*g = 38. Calculate the remainder when 33 is divided by r.
9
Let f(r) = 44*r**2 + 3*r - 2. What is the remainder when f(1) is divided by (-50)/(-4) + 2/(-4)?
9
Let o = 21 + 5. Let u = o + -10. What is the remainder when u is divided by ((-10)/(-2) + -2)*3?
7
Let i = 56 - 33. Calculate the remainder when 43 is divided by i.
20
Let t be (-3 + 1)*(-3)/2. Let f(c) = 4*c**2 - t*c**2 + c**2 - c. What is the remainder when 44 is divided by f(3)?
14
Suppose 0 = 6*t - 2*t - 8. Calculate the remainder when t is divided by -1 + -2*(-3)/12*6.
0
Suppose 0 = 2*q + 2*o + 8, 3*q = 4*q - o. Let d = 20 - q. What is the remainder when 64 is divided by d?
20
Let c = 9 - 6. Suppose 0 = -0*j - c*j + 12. Suppose 140 = 5*v - y, -j*v - 7 = 3*y - 119. Calculate the remainder when v is divided by 15.
13
Suppose 2 + 4 = w. What is the remainder when 15 is divided by w?
3
Let l(a) = a**2 + 8*a - 7*a + 4 + 7*a - 10. Let i be l(-9). Suppose 0 = -w + i*w - 18. Calculate the remainder when w is divided by 3.
0
Suppose -5*h + h + 40 = 0. What is the remainder when h is divided by 4?
2
Let f(j) = 2*j - 1. What is the remainder when 20 is divided by f(4)?
6
Let b be -2*(-3)/12*-2. Calculate the remainder when (4*1)/(b/(-2)) is divided by 5.
3
Suppose -5*s = -42 + 2. Let h(q) = -2*q**2 + 2*q - 2. Let n be h(2). Let y = n + s. What is the remainder when 5 is divided by y?
1
Let h be 3 + -7 + -2 + 3. Let b = h - -17. What is the remainder when 54 is divided by b?
12
Suppose -15*x = -11*x - 20. What is the remainder when 53 is divided by x?
3
What is the remainder when 49 is divided by (-3 - -2) + 3 - (-1 + -22)?
24
Suppose -8 + 4 = -a. Calculate the remainder when a is divided by 3.
1
Suppose 5*v - d = 108, 3*d - 2*d = -4*v + 81. Calculate the remainder when v is divided by 11.
10
Suppose 2*r = -4, 3*t - 6*r = -2*r + 35. What is the remainder when 25 is divided by t?
7
Calculate the remainder when 28 is divided by (-748)/(-198) - 1/((-9)/2).
0
Let y(z) = z - z**3 + 6 + z + 5*z**2 - 2. Suppose -20*f + 16*f = -160. What is the remainder when f is divided by y(5)?
12
Suppose -13 = -2*u + 3*u + 5*x, -5 = -5*x. Let j = u + 29. What is the remainder when 43 is divided by j?
10
Let b(o) = o**3 + 12*o**2 + 8*o + 4. What is the remainder when b(-11) is divided by 20?
17
Calculate the remainder when 1/(((-7)/(-54))/7) is divided by 28.
26
Suppose 0 = 2*p - 27 - 71. Calculate the remainder when p is divided by 26.
23
Suppose -11 = b - 5*q, -5*q = b - 10 - 9. Let w = 298 - 292. Calculate the remainder when w is divided by b.
2
Let i(k) = -k**2 + 8. Let q(t) = t**3 - 5*t**2 + 5*t - 3. Suppose -2*s + 0*s + 10 = 0. Calculate the remainder when q(s) is divided by i(0).
6
Let a be 2*(-6)/4 + 13. Suppose 2*t - 56 = -a. What is the remainder when 68 is divided by t?
22
Let w(t) = -t**3 + 6*t**2 + 3*t + 7. Calculate the remainder when 122 is divided by w(6).
22
Suppose 0 = -9*u + 1814 + 49. What is the remainder when u is divided by 42?
39
Suppose -5*h - 4*s + 149 = -3*s, -165 = -5*h - 5*s. Suppose 2*v + 12